t m be 148 - ((0/1)/4 - 4). Suppose -5*k = 2*f - 303, f + 2*k - m = -0*f. What are the prime factors of f?
2, 7, 11
Let u = -12 + 31. Let d = 37 + u. List the prime factors of d.
2, 7
Suppose -c = 5*a - 1145, 3*c + a = 1974 + 1433. What are the prime factors of c?
5, 227
Suppose -4*y = y - 20. Suppose 3*s + y*h = -0*s - 3, -2*h + 3 = 3*s. Suppose 0 = -4*t - c + 241 + 55, -4*t = s*c - 304. What are the prime factors of t?
73
Suppose o = 5*o. Suppose o = -5*m - 11 - 9. List the prime factors of m/(-3 - 69/(-24)).
2
Let u = 2 - -2. Suppose u*n = -n - 75. List the prime factors of 162/10 + 3/n.
2
Let q be 3/(-18) - 71/6. What are the prime factors of (-3)/10*q*35?
2, 3, 7
Suppose -3*q - 78 = 3*q. Let p be (q + 1)*(-3)/4. Suppose -p*j + 275 = -4*j. List the prime factors of j.
5, 11
Suppose -2*t - 24 = -3*o, o + 4 = 2*o - 2*t. What are the prime factors of (o/15)/((-1)/(-30))?
2, 5
Let r be ((-10)/(-1))/(-8 - -10). Let t(j) = -j - 6*j + 2*j - r. What are the prime factors of t(-6)?
5
Let f be (10/(-35))/(1/(-7)). Suppose -5*h - a = -h + 259, 0 = -3*h + f*a - 208. What are the prime factors of ((-10)/(-3))/((-11)/h)?
2, 5
Let a = 58 - -9. Let j = a - -45. Suppose 13 = 5*d - j. What are the prime factors of d?
5
Let b be (-2)/3*(-24)/4. Suppose -110 = 2*q - 2*i, 0*i = b*i - 12. Let p = q + 75. List the prime factors of p.
23
Suppose 0 = 3*n - 2 - 7. What are the prime factors of (-71 + 2)/(n/(-4))?
2, 23
Let c(g) = g**2 + 6*g - 7. Let s be c(-7). Suppose s = 5*d + 33 - 93. Suppose -3*a + 2*a + d = 0. List the prime factors of a.
2, 3
Suppose -2*p + 0*k = -4*k, 0 = -p + k. Suppose -9*u + 5*u = p. Suppose 9*d - 657 = -u*d. List the prime factors of d.
73
Let f = 36 - 34. Suppose 0 = -f*r - 2*q + 59 + 91, -r = 5*q - 87. What are the prime factors of r?
2, 3
Let f(i) = -63*i + 1095. List the prime factors of f(-38).
3, 1163
Suppose -1 - 3 = -2*s. Let w = -54 - -197. Suppose -4*r = -r + 5*k - 92, -w = -5*r + s*k. List the prime factors of r.
29
Let h = -374 + 618. What are the prime factors of h?
2, 61
Suppose 4*b + 2*v = -108, -3*b - 34 = -v + 42. What are the prime factors of (1 - b) + (-4)/2?
5
Let k = -78 - -203. Suppose 7*c + k = 2*c. Let h = 36 + c. List the prime factors of h.
11
Let j(k) = -2*k + 6. Let l be j(2). Suppose 9*z - 1195 = 5*z - 5*a, -l*a + 1498 = 5*z. What are the prime factors of z?
2, 3, 5
Suppose -3*v = 3*x - 9, 16 - 4 = 2*v + 4*x. Suppose g + 237 = 3*m - 388, 2*m + 3*g - 413 = v. List the prime factors of m.
2, 13
Let n be (0 - -4)*(-2 - 3/(-3)). What are the prime factors of 129 + 0 + n + 1?
2, 3, 7
Let l(f) = -f**2 - 2*f - 1. Let u be l(-4). Let c = 11 + u. Suppose -3*p + 32 = c*s, -2*p - 4*s + 40 = p. What are the prime factors of p?
2
What are the prime factors of (182/(-6))/(3 + 19/(-6))?
2, 7, 13
Suppose 30 = s - 0*s. Suppose 3*t + 17 = -5*m + 47, 5*m - 5*t - s = 0. What are the prime factors of (-9)/(27/m) - -51?
7
Let w(g) = -g**2 + 9*g - 11. Let x be w(9). Let d(t) = -t**3 - 12*t**2 - 11*t + 1. Let a be d(x). Suppose 3*s - a = 26. What are the prime factors of s?
3
Let o(q) = 16*q + 28. Let n be o(-12). Let u = 223 + n. What are the prime factors of u?
59
Suppose 5*c = -15, -3*m = c - 5*c - 954. Suppose -m + 46 = -2*l. What are the prime factors of l?
2, 67
Suppose w = -4*w + 15. Suppose 2*o - w*l - 104 = 206, 3*l + 614 = 4*o. What are the prime factors of o?
2, 19
Suppose -4*d + 0 = -8. Let c = -73 + 116. Suppose d*m + 5*i = 4*m - c, 4*i + 82 = 3*m. What are the prime factors of m?
2, 17
Let q(k) be the first derivative of 2*k**3/3 + k**2 - 6*k - 4. What are the prime factors of q(4)?
2, 17
Let i(q) be the first derivative of -q**4 + 2*q**3/3 - q**2/2 + 4*q + 33. What are the prime factors of i(-3)?
7, 19
Let w(j) = -4*j - 52. Let z be w(-13). Suppose 5*g - 22 + 7 = 0. Suppose -9 = -z*y - g*y. List the prime factors of y.
3
Suppose 0 = -5*x - 4*o + 3957, -2383 = -3*x - 0*o + 2*o. List the prime factors of x.
13, 61
Let b be (-1)/(-2 - 3/(-2)). Suppose -5 - 5 = -b*a. Suppose -p + a*y + 47 = p, 5*p - 50 = -y. What are the prime factors of p?
11
Let m = 20 - 13. Let q(r) = 3*r**2 - 30*r + 38. Let v(z) = z**2 - 10*z + 13. Let f(p) = -6*q(p) + 17*v(p). List the prime factors of f(m).
2, 7
Suppose -42 = -3*z - 5*j, 4*z - 23 = -3*j + 22. Suppose 0*b + z = 3*b. Let a = b - -9. What are the prime factors of a?
2, 3
Let z = 9027 + -5201. What are the prime factors of z?
2, 1913
Let j be (3450/7)/3 + (-2)/7. Suppose 40 = b - y, -4*b + 4*y + j = y. List the prime factors of b.
2, 11
Let o(i) be the third derivative of i**6/120 - i**5/30 + i**4/6 + i**3/6 - 7*i**2. List the prime factors of o(5).
2, 3
Let z(j) = -j**2 + 4*j + 5. Let w be z(7). Let m be w/(-12)*(0 + -3). What are the prime factors of 110*m/(-32)*4?
5, 11
Let l(h) = 2*h**2 + h + 1. Let p be l(-1). Suppose 0 = -p*w + 3 + 23. Let t = 34 - w. List the prime factors of t.
3, 7
Let a(n) = -n - 3 + 2 + 102*n**2 + 0*n + 0*n. List the prime factors of a(-1).
2, 3, 17
Let l(j) = j**3 - 13*j**2 - 11*j + 1. Let a be l(13). Let p = a + 246. What are the prime factors of p?
2, 13
Suppose -17 = 5*h + 23. Let i(l) = -l**3 - 8*l**2 - l - 6. Let b be i(h). What are the prime factors of 2 + ((-4)/b)/(-2)?
3
Let r(v) = -12*v - 135. List the prime factors of r(-17).
3, 23
Let y = 5227 + -2902. What are the prime factors of y?
3, 5, 31
Suppose 150 = 5*s - 3*s. Suppose 2*o + s = 7*o. List the prime factors of 2/(-5) + 456/o.
2, 3, 5
What are the prime factors of ((-63)/(-14) + -6)/(3/(-3434))?
17, 101
Suppose 18337 = 7*f + 4547. What are the prime factors of f?
2, 5, 197
Let y(n) = -n**2 + 21*n - 2. Let f be y(20). What are the prime factors of (-1604)/(-24) - (-3)/f?
67
Let y = -26 + 23. List the prime factors of (15/(-20))/y*332.
83
Let j = 45 - 65. Let w be -15*((-12)/j - 1). Suppose -11*a = -w*a - 50. What are the prime factors of a?
2, 5
Suppose a + 6 = 4, 2*q = -3*a + 6774. List the prime factors of q.
2, 3, 5, 113
Let z = -8 - -11. Suppose -3*j + 5*u + 82 = 0, z*j - 2*u + 26 = 93. Let a = j - 16. List the prime factors of a.
3
Let r be (0 - -1) + 2 + 1 + -4. Suppose 3*c + 6 = r, 2*t - 2*c + 6*c = 50. List the prime factors of t.
29
List the prime factors of 2/(3 + 5) + 1683/4.
421
Suppose 2*h = 5*h - 15. Suppose -h*j + 1350 = -5*a, a + 4 = -0*a. What are the prime factors of j?
2, 7, 19
Let l be (-4 + -20)*(-15)/(-6). Let u be ((-2)/5)/((-4)/l). List the prime factors of (-2)/u + (-177)/(-9).
2, 5
Let x(w) = 63*w**2 + 2 + 35*w**2 - w - 42*w**2. Let c be x(1). Suppose c + 67 = 4*o. What are the prime factors of o?
31
List the prime factors of 90632/36 + (-96)/(-216).
2, 1259
Let p(c) = 24*c + 35. List the prime factors of p(8).
227
Let m = 19 - 5. Let x = m - -28. What are the prime factors of x/8 - (-2)/(-8)?
5
Let s = 20 - 20. Let b be (0 - (0 + -2)) + 0. Suppose s*z = b*z - 16. List the prime factors of z.
2
Suppose 4*u - 9 = 4*y + 15, -u - 3*y + 2 = 0. Suppose -220 - 185 = -u*h. What are the prime factors of h?
3
Let r(i) be the second derivative of 4*i**5/5 - 2*i**4/3 + i**3/2 - i**2 - 3*i. List the prime factors of r(2).
2, 5
List the prime factors of 17 - 12 - (-994 + -1 - 1).
7, 11, 13
Let n(r) = 17*r - 30. Let d(q) = -11*q + 20. Let k = 1 - 9. Let t(i) = k*d(i) - 5*n(i). List the prime factors of t(9).
17
Let f(r) be the first derivative of -3*r**4/4 - 4*r**3/3 + 7*r + 16. Let p(b) = -b - 12. Let u be p(-9). What are the prime factors of f(u)?
2, 13
Suppose -70198 - 33410 = -24*t. What are the prime factors of t?
3, 1439
Suppose 0 = -75*a + 41*a + 56848. What are the prime factors of a?
2, 11, 19
Let a(x) = 76*x**3 - 2*x**2 + 2*x - 1. Let h be a(1). Suppose 0 = 3*n - h - 156. What are the prime factors of n?
7, 11
Let f = 1421 + -569. What are the prime factors of f?
2, 3, 71
Let t = -37 - -15. List the prime factors of (-2)/(-11) + (-524)/t.
2, 3
Let d be (-23)/5 - 6/(-10). Let x be (-2259)/(-15) - d/10. Let a = x + -106. What are the prime factors of a?
3, 5
List the prime factors of (-13)/(52/6)*-362.
3, 181
Suppose 3*v - 29 = -284. Let r = v - -183. Suppose 3*q - 86 = -4*o, 4*q - 2*o = -4*o + r. List the prime factors of q.
2, 11
What are the prime factors of 1119/(-21)*(-18 + 11)?
373
Suppose -f = 4*f - 130. Let q = f + -18. Let j = q + 11. List the prime factors of